 factor of 19499 and 13838?
629
Calculate the highest common divisor of 11452 and 1708.
28
Calculate the highest common factor of 178 and 50.
2
Calculate the highest common divisor of 817060 and 110.
10
What is the highest common divisor of 21 and 18716?
1
What is the highest common divisor of 84997 and 902?
11
What is the highest common divisor of 14708 and 584?
4
Calculate the highest common factor of 321773 and 233.
233
What is the greatest common factor of 173096 and 2464?
616
What is the highest common factor of 225388 and 536?
268
What is the greatest common divisor of 946 and 4338829?
473
What is the highest common factor of 303882 and 60?
6
Calculate the highest common divisor of 918480 and 43.
43
What is the highest common divisor of 209255 and 5?
5
Calculate the highest common divisor of 723 and 56153.
241
What is the highest common factor of 58 and 11351586?
58
Calculate the greatest common divisor of 81062 and 2.
2
Calculate the highest common divisor of 27 and 181035.
27
Calculate the highest common factor of 96 and 49716.
12
What is the highest common factor of 278648 and 5368?
488
What is the highest common divisor of 1359 and 76557?
453
Calculate the greatest common divisor of 10395736 and 1482.
494
What is the highest common divisor of 1634 and 292999?
19
What is the highest common divisor of 172 and 912?
4
Calculate the greatest common divisor of 144 and 3392244.
36
Calculate the highest common factor of 1976 and 150826.
26
Calculate the greatest common divisor of 473 and 907214.
473
Calculate the greatest common factor of 3934 and 4522.
14
Calculate the greatest common factor of 232640 and 14.
2
What is the highest common divisor of 4154997 and 231?
231
What is the highest common factor of 49772 and 2668?
92
Calculate the highest common divisor of 182 and 113438.
26
Calculate the highest common divisor of 9 and 12370329.
9
What is the greatest common divisor of 82640 and 5520?
80
Calculate the highest common factor of 16165 and 7930.
305
What is the highest common divisor of 422 and 67731?
211
Calculate the greatest common divisor of 49401 and 187.
11
Calculate the greatest common factor of 27 and 24693.
3
Calculate the highest common divisor of 4828 and 204.
68
Calculate the greatest common factor of 50770 and 50.
10
What is the highest common factor of 17978 and 79922?
178
Calculate the highest common divisor of 41024 and 160.
32
What is the greatest common divisor of 729 and 4661226?
729
Calculate the greatest common factor of 15900 and 8900.
100
What is the highest common factor of 96 and 208160?
32
What is the greatest common divisor of 170146 and 3856?
482
What is the greatest common divisor of 16576 and 6475?
259
What is the highest common factor of 143388 and 48?
12
Calculate the highest common factor of 23912 and 56.
56
What is the highest common factor of 13873285 and 995?
995
What is the greatest common divisor of 384616 and 1179?
131
Calculate the highest common divisor of 430417 and 113.
113
Calculate the greatest common divisor of 193778 and 1274.
26
What is the highest common divisor of 10 and 204030?
10
Calculate the highest common factor of 2544 and 317364.
636
Calculate the highest common divisor of 1174130 and 20.
10
Calculate the greatest common divisor of 136 and 46818.
34
Calculate the greatest common divisor of 64 and 4690384.
16
Calculate the highest common divisor of 175 and 238475.
25
Calculate the greatest common factor of 725697 and 63.
63
What is the highest common factor of 155846 and 174?
58
What is the greatest common factor of 28 and 56596?
4
What is the highest common divisor of 13560918 and 146?
146
What is the highest common divisor of 11120 and 21406?
278
What is the greatest common divisor of 15089 and 632?
79
Calculate the greatest common factor of 4928 and 350.
14
What is the greatest common divisor of 50 and 44150?
50
Calculate the highest common factor of 1432512 and 1296.
432
Calculate the greatest common divisor of 120 and 351800.
40
Calculate the greatest common divisor of 60 and 474720.
60
What is the greatest common divisor of 20258688 and 48?
48
What is the greatest common factor of 791 and 111079?
113
What is the greatest common divisor of 720 and 79560?
360
Calculate the greatest common factor of 3804315 and 345.
345
What is the highest common divisor of 129228 and 6292?
484
What is the greatest common divisor of 63424 and 50541?
991
What is the highest common factor of 7686 and 459452?
854
Calculate the greatest common divisor of 6549 and 2997.
111
Calculate the greatest common factor of 20828 and 11684.
508
Calculate the greatest common divisor of 1313 and 97768.
101
Calculate the greatest common factor of 421214 and 1128.
94
Calculate the highest common factor of 172111 and 3379.
109
Calculate the greatest common factor of 7764 and 5988.
12
What is the greatest common divisor of 14976 and 13572?
468
Calculate the highest common factor of 5814 and 51102.
306
Calculate the greatest common factor of 5029 and 31913.
47
Calculate the greatest common factor of 79768 and 20709.
767
What is the greatest common divisor of 317187 and 72?
9
Calculate the highest common divisor of 75 and 359925.
75
What is the greatest common factor of 14 and 2295202?
14
Calculate the greatest common divisor of 200 and 11800.
200
What is the greatest common factor of 477 and 3110517?
477
Calculate the highest common divisor of 165322 and 262.
262
What is the highest common divisor of 86800 and 800?
400
What is the greatest common factor of 2541 and 8349?
363
Calculate the greatest common divisor of 80070 and 1139.
17
What is the greatest common divisor of 664 and 62152?
8
What is the highest common factor of 1086588 and 108?
108
Calculate the greatest common factor of 104227 and 34.
17
Calculate the greatest common divisor of 92 and 4835750.
46
Calculate the highest common divisor of 321640 and 5440.
680
Calculate the greatest common divisor of 180 and 25209.
9
Calculate the greatest common factor of 97069 and 147.
49
What is the greatest common factor of 12831 and 630?
21
What is the greatest common factor of 590 and 17830?
10
What is the greatest common factor of 1092 and 5362?
14
Calculate the greatest common divisor of 215 and 7605.
5
What is the highest common factor of 1463 and 270809?
77
Calculate the highest common divisor of 907 and 541.
1
What is the greatest common factor of 47943 and 49?
7
What is the highest common divisor of 3949994 and 610?
122
What is the greatest common factor of 41749 and 581?
83
What is the highest common divisor of 11328 and 177?
177
What is the greatest common factor of 13958 and 238?
14
What is the greatest common divisor of 501306 and 12?
6
Calculate the greatest common factor of 320 and 624480.
160
Calculate the highest common divisor of 3249 and 18.
9
What is the highest common divisor of 1213559 and 123?
41
What is the greatest common divisor of 66 and 186318?
66
Calculate the greatest common factor of 3915 and 459.
27
What is the highest common factor of 12070 and 3834?
142
What is the highest common factor of 152 and 682366?
38
What is the greatest common divisor of 4 and 28?
4
Calculate the greatest common factor of 3737 and 1739.
37
What is the highest common divisor of 1134 and 1106217?
567
Calculate the greatest common divisor of 8700 and 46500.
300
Calculate the highest common divisor of 9632 and 11494.
14
Calculate the highest common factor of 611269 and 7016.
877
Calculate the highest common divisor of 29744 and 176.
176
Calculate the greatest common factor of 64559 and 55.
11
Calculate the greatest common divisor of 435 and 2969745.
435
What is the highest common factor of 319 and 264?
11
Calculate the greatest common divisor of 10521 and 14.
7
Calculate the highest common factor of 141102 and 1872.
234
What is the highest common divisor of 1533 and 609?
21
What is the highest common divisor of 14220 and 12700?
20
Calculate the highest common factor of 3 and 1767156.
3
What is the highest common divisor of 1159 and 286517?
61
What is the highest common factor of 123584 and 128?
64
Calculate the highest common divisor of 2880 and 1000.
40
What is the highest common divisor of 434 and 101087?
7
Calculate the greatest common divisor of 210180 and 